tiple of 28?
True
Is 5 a factor of 62?
False
Is 131 a factor of 2045?
False
Is 4453 a multiple of 44?
False
Is 427 a multiple of 23?
False
Is 3234 a multiple of 14?
True
Is 38 a factor of 11514?
True
Is 90 a factor of 11813?
False
Is 102603 a multiple of 23?
True
Does 45 divide 1002?
False
Is 29 a factor of 2107?
False
Does 67 divide 804?
True
Does 10 divide 1550?
True
Is 226 a multiple of 113?
True
Is 13 a factor of 71192?
False
Is 11 a factor of 58761?
False
Is 2940 a multiple of 49?
True
Is 12 a factor of 6480?
True
Is 75972 a multiple of 48?
False
Is 29 a factor of 2007?
False
Does 12 divide 5328?
True
Is 23 a factor of 1196?
True
Does 97 divide 16694?
False
Does 69 divide 15050?
False
Is 457 a multiple of 13?
False
Does 61 divide 4880?
True
Is 35 a factor of 70?
True
Is 148 a factor of 22747?
False
Does 68 divide 5022?
False
Is 31142 a multiple of 11?
False
Is 20307 a multiple of 25?
False
Does 20 divide 38700?
True
Does 35 divide 51555?
True
Does 14 divide 791?
False
Is 702 a multiple of 34?
False
Is 31 a factor of 339?
False
Does 14 divide 35?
False
Is 109 a factor of 7085?
True
Does 48 divide 8352?
True
Is 12 a factor of 2580?
True
Is 2 a factor of 742?
True
Does 8 divide 72?
True
Is 63 a factor of 11956?
False
Is 30 a factor of 24491?
False
Does 3 divide 1902?
True
Does 463 divide 27780?
True
Does 6 divide 540?
True
Does 24 divide 1632?
True
Does 16 divide 236?
False
Is 506 a multiple of 12?
False
Does 18 divide 1728?
True
Does 40 divide 10411?
False
Is 141 a factor of 4850?
False
Does 5 divide 13505?
True
Does 13 divide 10271?
False
Does 26 divide 8502?
True
Does 41 divide 745?
False
Is 6288 a multiple of 66?
False
Is 130 a factor of 40560?
True
Is 16 a factor of 20560?
True
Is 22 a factor of 6916?
False
Does 19 divide 1941?
False
Is 66946 a multiple of 17?
True
Does 18 divide 15847?
False
Is 46046 a multiple of 154?
True
Is 263 a multiple of 11?
False
Is 22 a factor of 19872?
False
Is 544 a multiple of 17?
True
Is 9 a factor of 22617?
True
Does 21 divide 207?
False
Is 105 a factor of 2205?
True
Is 175 a factor of 5425?
True
Is 2799 a multiple of 21?
False
Is 7 a factor of 330?
False
Does 48 divide 2744?
False
Is 10 a factor of 397?
False
Is 4928 a multiple of 32?
True
Is 27 a factor of 30942?
True
Does 42 divide 1176?
True
Is 20 a factor of 359?
False
Is 1804 a multiple of 22?
True
Is 8568 a multiple of 14?
True
Is 18 a factor of 1828?
False
Does 25 divide 55300?
True
Is 25 a factor of 11768?
False
Is 1293 a multiple of 34?
False
Is 49 a factor of 26803?
True
Does 5 divide 35155?
True
Is 20502 a multiple of 134?
True
Is 7 a factor of 11907?
True
Does 84 divide 3424?
False
Is 152 a multiple of 4?
True
Is 11 a factor of 737?
True
Is 12848 a multiple of 146?
True
Is 28580 a multiple of 10?
True
Is 19360 a multiple of 176?
True
Does 174 divide 6960?
True
Does 18 divide 109710?
True
Is 38 a factor of 228?
True
Is 13 a factor of 32435?
True
Is 83 a factor of 2909?
False
Is 1415 a multiple of 5?
True
Is 2100 a multiple of 25?
True
Is 67 a factor of 308?
False
Is 6104 a multiple of 13?
False
Is 204 a factor of 39944?
False
Is 63619 a multiple of 113?
True
Is 440 a multiple of 8?
True
Does 95 divide 920?
False
Does 77 divide 8624?
True
Is 476 a multiple of 7?
True
Is 4 a factor of 157?
False
Is 20 a factor of 1100?
True
Is 273 a factor of 121485?
True
Does 9 divide 115929?
True
Is 31420 a multiple of 10?
True
Is 3542 a multiple of 24?
False
Is 13 a factor of 138811?
False
Is 270 a multiple of 15?
True
Does 170 divide 76235?
False
Does 4 divide 292?
True
Does 17 divide 14173?
False
Is 56 a factor of 6608?
True
Is 117766 a multiple of 34?
False
Is 354 a multiple of 118?
True
Is 1150 a multiple of 41?
False
Is 2680 a multiple of 24?
False
Is 2604 a multiple of 3?
True
Is 1233 even?
False
Does 71 divide 71?
True
Is 347 a multiple of 49?
False
Is 703 a multiple of 73?
False
Is 5546 a multiple of 82?
False
Does 33 divide 37085?
False
Is 24 a factor of 495?
False
Is 9614 a multiple of 12?
False
Does 42 divide 420?
True
Is 75 a factor of 300?
True
Does 30 divide 8640?
True
Is 14 a factor of 1729?
False
Is 2185 a multiple of 19?
True
Is 14 a factor of 11718?
True
Is 5709 a multiple of 16?
False
Does 55 divide 249?
False
Is 4607 a multiple of 15?
False
Is 2809 a multiple of 32?
False
Is 10 a factor of 250?
True
Is 78 a factor of 18018?
True
Is 263 a multiple of 45?
False
Is 22 a factor of 119?
False
Is 8 a factor of 232?
True
Is 5 a factor of 26097?
False
Is 7 a factor of 245?
True
Does 25 divide 43678?
False
Is 112 a factor of 2523?
False
Does 46 divide 6921?
False
Does 5 divide 825?
True
Is 16856 a multiple of 138?
False
Is 91 a multiple of 2?
False
Does 4 divide 233?
False
Does 11 divide 6776?
True
Does 52 divide 60387?
False
Is 93674 a multiple of 325?
False
Is 73 a factor of 5848?
False
Does 12 divide 747?
False
Is 5 a factor of 11804?
False
Is 4440 a multiple of 120?
True
Is 18 a factor of 2807?
False
Does 19 divide 10887?
True
Is 7068 a multiple of 93?
True
Is 37 a factor of 13012?
False
Is 10 a factor of 1800?
True
Is 42 a multiple of 7?
True
Is 42952 a multiple of 28?
True
Is 49 a factor of 1911?
True
Is 5660 a multiple of 5?
True
Is 207 a multiple of 20?
False
Does 12 divide 240?
True
Does 4 divide 4540?
True
Is 13 a factor of 748?
False
Does 46 divide 81512?
True
Is 171 a factor of 8721?
True
Does 17 divide 425?
True
Is 42 a factor of 103026?
True
Is 61 a factor of 3854?
False
Is 21 a factor of 13204?
False
Does 2 divide 570?
True
Is 17 a factor of 17638?
False
Does 9 divide 2058?
False
Is 25964 a multiple of 36?
False
Is 16 a factor of 7584?
True
Is 93832 a multiple of 37?
True
Does 3 divide 403?
False
Does 3 divide 13477?
False
Is 7 a factor of 49?
True
Does 7 divide 4515?
True
Is 70308 a multiple of 279?
True
Does 49 divide 588?
True
Is 27 a factor of 5400?
True
Is 30 a factor of 813?
False
Is 11939 a multiple of 77?
False
Is 73 even?
False
Is 2436 a multiple of 6?
True
Is 32430 a multiple of 10?
True
Is 14 a factor of 3598?
True
Is 24848 a multiple of 16?
True
Is 4465 a multiple of 15?
False
Does 46 divide 5731?
False
Is 15 a factor of 20845?
False
Is 4 a factor of 1104?
True
Does 15 divide 818?
False
Is 87 a factor of 7656?
True
Is 23 a factor of 368?
True
Does 17 divide 527?
True
Is 71 a factor of 2059?
True
Does 9 divide 1504?
False
Does 61 divide 17934?
True
Does 159 divide 3852?
False
Does 63 divide 1449?
True
Is 990 a multiple of 2?
True
Does 15 divide 210?
True
Is 2040 a multiple of 120?
True
Does 4 divide 1466?
False
Is 8 a factor of 21832?
True
Is 336 a multiple of 21?
True
Is 151 a factor of 5002?
False
Does 8 divide 262?
False
Is 11 a factor of 8758?
False
Is 31 a factor of 106236?
False
Is 11736 a multiple of 489?
True
Is 13560 a multiple of 20?
True
Is 45 a factor of 16650?
True
Is 224 a multiple of 32?
True
Does 13 divide 36844?
False
Does 20 divide 11260?
True
Is 111 a factor of 18426?
True
Is 164 a factor of 10660?
True
Is 735 a multiple of 35?
True
Is 62 a multiple of 4?
False
Is 46 a factor of 2392?
True
Is 16 a factor of 2160?
True
Does 71 divide 12425?
True
Is 108039 a multiple of 262?
False
Is 2064 a multiple of 94?
False
Is 1560 a multiple of 12?
True
Does 15 divide 1797?
False
Is 59938 a multiple of 23?
True
Is 71 a factor of 62409?
True
Does 309 divide 111665?
False
Does 40 divide 17010?
False
Is 32 a multiple of 8?
True
Does 29 divide 40827?
False
Does 3 divide 2246?
False
Is 34132 a multiple of 55?
False
Is 5200 a multiple of 16?
True
Is 98 a factor of 622?
False
Is 36 a factor of 48996?
True
Does 4 divide 952?
True
Does 24 divide 1051?
False
Is 36 a factor of 784?
False
Is 21 a factor of 1239?
True
Does 9 divide 1822?
False
Is 11643 a multiple of 9?
False
Is 15 a factor of 840?
True
Does 2 divide 503?
False
Is 26 a factor of 24726?
True
Does 87 divide 1392?
True
Is 25 a factor of 400?
True
Is 477 a multiple of 159?
True
Is 30 a factor of 2033?
False
Is 6006 a multiple of 32?
False
Is 258 a multiple of 6?
True
Is 6670 a multiple of 114?
False
Is 31761 a multiple of 38?
False
Does 57 divide 855?
True
Does 17 divide 1717?
True
Does 26 divide 278?
False
Is 3 a factor of 9122?
False
Is 7949 a multiple of 66?
False
Is 6 a factor of 14181?
False
Is 1623 a multiple of 221?
False
Is 23 a factor of 107019?
True
Doe